- y - 3. Let o(z) = -z**2 + z + 3. Let c(f) = -6*o(f) - 5*w(f). Calculate c(d).
9
Suppose 0 = -0*s - 5*s. Let f(i) = 5 + s + 4*i**2 - 5*i**2. Let q(d) = -d**2 - 6*d + 7. Let g be q(-7). Give f(g).
5
Let m(l) be the second derivative of l**4/12 - 5*l**3/6 + 2*l**2 - 15*l. Calculate m(6).
10
Let u = -5 - -5. Let z(q) = -1 - q + u - 2*q + 6. Determine z(4).
-7
Let l(k) be the first derivative of k**4/2 - k**3/3 - 8. Let j be -3*8/12 + 1. Determine l(j).
-3
Let v(y) = -y**2 - y + 5. Let a be 1/(-4) + 25/100. Give v(a).
5
Let n(r) be the second derivative of r**4/12 - 5*r**2 + 7*r. What is n(0)?
-10
Let r = 14 + -10. Suppose 3*b = -g - 8 + 2, b + r = -g. Let i(p) = p - 1. Let f(k) = 7*k + 3. Let m(v) = -f(v) - 2*i(v). What is m(b)?
8
Let x(j) = 0 + 0 - 2*j + 6. What is x(4)?
-2
Let z(h) = 2*h**3 + 2*h**2 + 3*h + 2. Let p = -14 + 12. Give z(p).
-12
Let l be (-722)/(-240) + (-39)/13. Let d(h) be the third derivative of 0 - 1/8*h**4 + h**3 + l*h**6 + 0*h + 1/15*h**5 + 3*h**2. Give d(-5).
-4
Let o(y) be the second derivative of -y**4/12 - y**3/6 + 3*y. Let m(v) = -v**2 - 6*v - 8. Let g be m(-4). Give o(g).
0
Let h(i) = -2*i**2 + i - 2. Let m(t) = -t**2 - 7*t + 2. Let n be (20/(-16))/(2/(-8)). Let x = -12 + n. Let p be m(x). Determine h(p).
-8
Let b(s) = s**2 + 7*s - 1. Let j(v) = v**3 + 5*v**2 + 2*v. Let q be j(-4). Let n(z) = -z + 2. Let y be n(q). Determine b(y).
-7
Let v(s) = -s**2 + 5*s + 4. Let x be (1 + 0)/(-3 + 48/15). Give v(x).
4
Let s(r) = -r - 1. Let w be s(-5). Suppose w*v + 4 = 2*u, v - 2 + 1 = u. Let p(b) = 9*b**3 - 8*b**3 + 2 - 2*b + 2*b**2 + 0*b**2. Calculate p(v).
-1
Let o(i) = -7*i**3 + 7*i**2 - 13*i - 1. Let j(t) = 3 - 7*t - 3*t**3 + 4*t**2 + 0*t**2 + t - 4. Let r(a) = 5*j(a) - 2*o(a). Give r(5).
2
Let l(o) be the first derivative of -5/24*o**4 - o**2 - 1/6*o**3 - 2 - 1/12*o**5 - 1/120*o**6 + 0*o. Let h(z) be the second derivative of l(z). What is h(-4)?
3
Let x(u) be the second derivative of -1/6*u**4 + 6*u - u**3 + 0*u**2 + 0. What is x(-4)?
-8
Let h = 19 - 28. Let w = -14 - h. Let l(i) = -3*i**2 + 5 - 3*i + 2*i**2 + 0. Calculate l(w).
-5
Let h(q) be the third derivative of q**5/60 + q**4/6 + q**3/2 - 3*q**2. Let k(n) = -n + 4. Let o be k(5). Let j be (11 + -8)/(1*o). Give h(j).
0
Let z(f) = f + 1. Let m(v) = -6*v - 1. Let n(r) = -m(r) - 2*z(r). Let d(h) = h - 1. Let s(o) = -5*d(o) + n(o). Give s(4).
0
Let d(u) = u**2 + 5*u - 5. Let o = -22 + 23. Let k be -7 - (-4 - -4 - o). Calculate d(k).
1
Let j(g) = g**3 + 5*g**2 + 7*g + 6. Let z be 384/28 + 2/7. Suppose 5*y - z = -4. Let h be (2/3)/(y/(-12)). Calculate j(h).
-6
Suppose -3*m = 2*t, t = 2*t. Let k(h) be the third derivative of m*h**3 - 1/8*h**4 + 0*h + 1/15*h**5 + 0 - 3*h**2. Calculate k(2).
10
Let n be ((-6)/(-3))/(-2) + 7. Let l(m) = 0 - 1 + 2*m - n*m. Let x be (1/3)/(-1)*-3. Give l(x).
-5
Let p(t) = -2*t**2 - 7*t - 4. Suppose -q = 3*h + 5 + 9, 5*h + q = -22. Determine p(h).
-8
Let m(j) be the third derivative of j**6/120 - 7*j**5/60 + j**3 + 29*j**2 + 2*j. Calculate m(7).
6
Suppose 5*y - 35 = 9*i - 4*i, 4*i = -2*y - 10. Suppose 0 = -3*p + y*d - 6, 2*p + 2*d = -p + 14. Let v(q) = -2*q**2 + 0*q**p - q**2 - q**3. Determine v(-3).
0
Let g(x) be the first derivative of -x**3/3 - x**2/2 - x - 7. Suppose 9 + 6 = 5*a. Suppose -4*s - a - 5 = 0. Determine g(s).
-3
Suppose 0 = -4*r - 5*i - 11, 7 = -5*i - 8. Let x(c) = 22*c - 3*c**2 - 14*c + r + 4*c**2. Give x(-7).
-6
Suppose z - 4*z - 2*u - 6 = 0, 2*u + 6 = -4*z. Let j(h) = h - 13. Calculate j(z).
-13
Let j be 3*-2*(-5)/(-6). Let l(d) = -d**3 + d**2 + 5*d - 1. Let q(u) = -u**3 + 4*u - 2. Let m(c) = 5*l(c) - 6*q(c). Calculate m(j).
2
Let h(s) = s**3 - 5*s**2 - s - 7. Let t be -2 - (-31)/4 - (-9)/(-12). What is h(t)?
-12
Let c(x) = 2*x**2 + 15*x + 3. Let l(p) = -p**2 - 7*p - 2. Let f(d) = 3*c(d) + 7*l(d). Determine f(-4).
-5
Let i = -33 - -40. Let m(t) = t - 10. What is m(i)?
-3
Let l(b) be the third derivative of -b**6/120 - b**5/12 + b**4/8 + b**3 + 4*b**2. Determine l(-5).
-9
Suppose i = 2*i. Let g(o) = 2*o**2 + 3*o + 1 + i*o - 1 - 3 - o**3. Give g(2).
3
Let t(x) = -x**3 - x + 1. Suppose 5*o = -y + 14, -14 = o + y - 5*y. What is t(o)?
-9
Let d(j) = -j**2 + 10*j + 26. Let q be d(12). Let o(u) = -2*u**3 + 2*u**2 - u. Give o(q).
-10
Let x(f) = -f**3 - 6*f**2 - 3*f - 8. Let k(l) = -l - 3. Let u be k(3). Determine x(u).
10
Let w(o) = -8*o - 5 + 5*o + o. Determine w(-4).
3
Suppose -5*s + x = 19, 6*x - 5*x = s + 7. Let v(q) = 0*q**2 + 6*q + 0*q**2 + 2*q**2 + 2 - q**2. What is v(s)?
-7
Let q(m) be the first derivative of -m**2/2 - 6*m + 17. What is q(-7)?
1
Let v(z) be the first derivative of -z**3/3 + 2*z**2 - z - 20. Give v(5).
-6
Let y(o) be the first derivative of o**2/2 + o + 6. Calculate y(-7).
-6
Let c(l) = -8*l**3 - 2*l**2 + 2*l - 1. Suppose 15 = y + 4*y. Suppose -y = -h - 5*q + 3, -4*h + 1 = -3*q. Calculate c(h).
-9
Let r(g) = g**3 + 6*g**2 + 5*g + 1. Let i be r(-5). Let z(b) be the second derivative of 0 + 4*b - 1/2*b**2 + 5/6*b**3. Calculate z(i).
4
Let j(g) = g + 3. Let k be j(-2). Let f(o) = o + 3 - k + o**2 + 0*o - 6*o. Determine f(5).
2
Let x(o) = -3*o**2 + 4 + 3*o + 0*o + 2*o**2 - 4*o. Calculate x(-3).
-2
Let n be 2/3 - (-35)/15. Let z(t) = 5 - 1 - n + t - 5*t + t**2. Determine z(4).
1
Let d(o) = o - 5*o + 3*o + 2. Suppose v + 1 - 8 = 0. Suppose 2*m - v*m = 0. Give d(m).
2
Let o(d) be the first derivative of d**2 - 1/4*d**4 + 4/3*d**3 + 1 + 7*d. Suppose 26*p - 157 = -27. Give o(p).
-8
Let h = 16 - 22. Let z be (9/h)/(9/(-6)). Let r(o) = -10*o - 1. Determine r(z).
-11
Let i(g) be the second derivative of -1/10*g**5 - 1/3*g**3 + 0 + 1/2*g**2 - g + 1/12*g**4. Determine i(1).
-2
Let m(v) = 5*v**3 - 12*v**2 - 12*v - 5. Let t(y) = 0*y**3 - y**2 - 1 - 2*y**2 + y**3 - 3*y + 0*y. Let c(p) = 2*m(p) - 9*t(p). What is c(-3)?
-10
Suppose 3*p - 10 = -d, 3*p + 6 + 4 = 4*d. Let n(c) be the first derivative of c**3/3 - c**2/2 - 2*c - 6. Give n(d).
10
Let d(t) = 2*t**3 - 3*t**2 + 2*t + 2. Let u be d(2). Suppose 10*q - u = 5*q. Suppose -2 = 4*h - q*h. Let j(a) = -a. Calculate j(h).
1
Let o(v) = -v**3 - 6*v**2 - 5*v - 2. Let k(u) = u**2 - 4*u - 4. Let z be k(4). Give o(z).
-14
Let x(j) = -21*j - 8. Let r(b) be the first derivative of -5*b**2/2 - 2*b - 1. Let t(a) = 9*r(a) - 2*x(a). Give t(-2).
4
Let o(y) = -4*y - 8. Let z be o(-7). Let u = z - 21. Let j(a) = 2*a**3 + a**2 + a + 1. Give j(u).
-1
Let t(o) = o - 1. Let q = 174 + -177. Determine t(q).
-4
Let t(a) = a. Let z(g) = g - 1. Suppose 4*v - 12 = -2*x, 4*x = -2*v + 9*x - 18. Let j(b) = v*t(b) - 2*z(b). What is j(-5)?
7
Let k(q) = 3*q**2 + q + 3. Let f(m) = -m**2 - m + 1. Let a(p) = 4*f(p) + k(p). Let g(u) = -u**2 - 6*u - 6. Let s be g(-6). Determine a(s).
-11
Let b(v) = -2*v - 8. Let i be b(-6). Suppose 0 = -0*t - t. Suppose -i*w + w = 2*r - 4, 3*w = t. Let k(a) = -a + 1. Determine k(r).
-1
Let t(g) = g**3 + 9 - 5 + 7*g**2 + 2 - 2*g**2 + 5*g. What is t(-4)?
2
Suppose -3*p - 15 = 2*q + q, -5*p - 20 = 0. Let h(l) = 8*l**2 - l - 1. Give h(q).
8
Suppose 7 = r + 7. Let s(b) be the second derivative of 2*b + r - 1/6*b**3 + 2*b**2. What is s(4)?
0
Let k(n) = -16*n**2 - 1 + 0*n + 7*n - 9*n. What is k(-1)?
-15
Let b(y) = 7*y**3 - y**2 - y. Let x be b(-1). Let q be 1 - 3 - (-2 + 2). Let w = x - q. Let d(s) = -s**3 - 5*s**2 + s - 3. Give d(w).
-8
Let t(i) = -2*i + 1. Suppose 5*y = -5*w - 15, 2*w + w + 13 = -y. Suppose 4 - y = 2*s. Determine t(s).
-1
Let c(k) = 5*k + 1. Let t be c(2). Let q = t + -8. Suppose -2*j + 8 + q = g, -7 = -4*j + 3*g. Let y(z) = -z**2 + 5*z - 3. Determine y(j).
1
Let z(d) = -4*d + 1. Let m(r) = 4*r - 1. Let c(h) = 3*m(h) + 4*z(h). Give c(2).
-7
Let w(n) = -n**2 - 6. Let i be (-4 - -1)/(-3) + -1. Determine w(i).
-6
Suppose -y - 3 = -2*h, 3*y + 5*h - 8 = 5*y. Let d(p) = 4*p**2 + p. Determine d(y).
5
Let f(w) = -3*w + 3*w + 4*w**2 + 2*w**2. Let o(x) = x + 6. Let q be o(-5). Determine f(q).
6
Let x = 43/111 + -2/37. Let b(z) be the second derivative of -x*z**4 - 2*z**2 + 0 + 2/3*z**3 - 1/20*z**5 - 2*z. Calculate b(-5).
1
Let l = -1 + 5. Let p be 10/l + (-4)/(-8). Let m(r) = -r**3 + 3*r**2 - 2*r - 3. Determine m(p).
-9
Let k(y) = 2 + 0*y + 3*y**2 - y - 4*y**2. Let o(p) = p**2 + 3*p - 3. Let n = -14 + 11. Let u be o(n). What is k(u)?
-4
Suppose 5*i = 3*j + 27, -5*i = 5*j - 4 + 9. L